{"id":242,"date":"2021-05-19T01:50:33","date_gmt":"2021-05-18T23:50:33","guid":{"rendered":"http:\/\/gerbauxjoris.fr\/?page_id=242"},"modified":"2021-05-20T21:57:15","modified_gmt":"2021-05-20T19:57:15","slug":"joris-gerbaux","status":"publish","type":"page","link":"https:\/\/gerbauxjoris.fr\/?page_id=242","title":{"rendered":"Joris Gerbaux"},"content":{"rendered":"\n<div class=\"wp-block-columns alignwide is-layout-flex wp-container-core-columns-layout-1 wp-block-columns-is-layout-flex\">\n<div class=\"wp-block-column is-vertically-aligned-center is-layout-flow wp-block-column-is-layout-flow\" style=\"flex-basis:66.66%\">\n<p class=\"has-text-align-justify\">Ing\u00e9nieur de profession, je suis photographe amateur passionn\u00e9 de montagne et de nature. <\/p>\n\n\n\n<p class=\"has-text-align-justify\">J&rsquo;\u00e9cris ce blog dans le but premier de garder le contact avec mes proches, mais aussi de partager pour le plus grand nombre mes exp\u00e9riences. Je pratique de nombreux sports li\u00e9s \u00e0 la montagne, la randonn\u00e9e, le ski de station et le VTT depuis toujours, puis plus r\u00e9cemment avec mon arriv\u00e9e \u00e0 Annecy en 2016, le trail, l&rsquo;escalade, l&rsquo;alpinisme, le ski de randonn\u00e9e, le ski de pente raide, la cascade de glace, le dry tooling, le v\u00e9lo de route&#8230; Bref, je suis touche \u00e0 tout et j&rsquo;ai toujours \u00e0 d\u00e9couvrir !<\/p>\n<\/div>\n\n\n\n<div class=\"wp-block-column is-layout-flow wp-block-column-is-layout-flow\" style=\"flex-basis:33.33%\">\n<figure class=\"wp-block-image size-large\"><img loading=\"lazy\" decoding=\"async\" width=\"1000\" height=\"1000\" src=\"https:\/\/gerbauxjoris.fr\/wp-content\/uploads\/2021\/05\/PXL_20210314_130005578.PORTRAIT.jpg\" alt=\"\" class=\"wp-image-243\" srcset=\"https:\/\/gerbauxjoris.fr\/wp-content\/uploads\/2021\/05\/PXL_20210314_130005578.PORTRAIT.jpg 1000w, https:\/\/gerbauxjoris.fr\/wp-content\/uploads\/2021\/05\/PXL_20210314_130005578.PORTRAIT-300x300.jpg 300w, https:\/\/gerbauxjoris.fr\/wp-content\/uploads\/2021\/05\/PXL_20210314_130005578.PORTRAIT-150x150.jpg 150w, https:\/\/gerbauxjoris.fr\/wp-content\/uploads\/2021\/05\/PXL_20210314_130005578.PORTRAIT-768x768.jpg 768w\" sizes=\"(max-width: 1000px) 100vw, 1000px\" \/><\/figure>\n<\/div>\n<\/div>\n\n\n\n<p><\/p>\n","protected":false},"excerpt":{"rendered":"<p>Ing\u00e9nieur de profession, je suis photographe amateur passionn\u00e9 de montagne et de nature. J&rsquo;\u00e9cris ce blog dans le but premier de garder le contact avec mes proches, mais aussi de partager pour le plus grand nombre mes exp\u00e9riences. Je pratique de nombreux sports li\u00e9s \u00e0 la montagne, la randonn\u00e9e, le ski de station et le [&hellip;]<\/p>\n","protected":false},"author":1,"featured_media":0,"parent":0,"menu_order":0,"comment_status":"closed","ping_status":"closed","template":"","meta":{"footnotes":""},"jetpack_sharing_enabled":true,"_links":{"self":[{"href":"https:\/\/gerbauxjoris.fr\/index.php?rest_route=\/wp\/v2\/pages\/242"}],"collection":[{"href":"https:\/\/gerbauxjoris.fr\/index.php?rest_route=\/wp\/v2\/pages"}],"about":[{"href":"https:\/\/gerbauxjoris.fr\/index.php?rest_route=\/wp\/v2\/types\/page"}],"author":[{"embeddable":true,"href":"https:\/\/gerbauxjoris.fr\/index.php?rest_route=\/wp\/v2\/users\/1"}],"replies":[{"embeddable":true,"href":"https:\/\/gerbauxjoris.fr\/index.php?rest_route=%2Fwp%2Fv2%2Fcomments&post=242"}],"version-history":[{"count":1,"href":"https:\/\/gerbauxjoris.fr\/index.php?rest_route=\/wp\/v2\/pages\/242\/revisions"}],"predecessor-version":[{"id":244,"href":"https:\/\/gerbauxjoris.fr\/index.php?rest_route=\/wp\/v2\/pages\/242\/revisions\/244"}],"wp:attachment":[{"href":"https:\/\/gerbauxjoris.fr\/index.php?rest_route=%2Fwp%2Fv2%2Fmedia&parent=242"}],"curies":[{"name":"wp","href":"https:\/\/api.w.org\/{rel}","templated":true}]}}